862.
2, 17, 73, 9091
List the prime factors of 1347126177.
3, 449042059
List the prime factors of 802910225.
5, 13, 97, 25469
What are the prime factors of 285815065?
5, 83, 151, 4561
List the prime factors of 716695329.
3, 7, 2339, 14591
List the prime factors of 17897067.
3, 1988563
What are the prime factors of 13855654?
2, 6927827
List the prime factors of 137589819.
3, 45863273
List the prime factors of 328407282.
2, 3, 7, 2606407
List the prime factors of 88111419.
3, 11, 41, 65123
List the prime factors of 216288722.
2, 13, 17, 199, 2459
What are the prime factors of 2463489170?
2, 5, 246348917
What are the prime factors of 101580252?
2, 3, 2411, 3511
What are the prime factors of 77783752?
2, 9722969
List the prime factors of 2112588780.
2, 3, 5, 35209813
What are the prime factors of 72256979?
72256979
What are the prime factors of 235401906?
2, 3, 19, 2064929
List the prime factors of 2579069075.
5, 11, 937, 10009
What are the prime factors of 2550481619?
7, 364354517
List the prime factors of 48910397.
23, 2126539
What are the prime factors of 26612516?
2, 7, 950447
What are the prime factors of 2020264407?
3, 7, 257, 124777
List the prime factors of 1669105882.
2, 19, 109, 127, 167
What are the prime factors of 70964226?
2, 3, 113, 139, 251
What are the prime factors of 20614017?
3, 1229, 5591
What are the prime factors of 56348047?
7, 17, 473513
List the prime factors of 1945109030.
2, 5, 1451, 134053
What are the prime factors of 1775951283?
3, 787, 752203
List the prime factors of 159162743.
10163, 15661
What are the prime factors of 105945317?
389, 272353
What are the prime factors of 1770441791?
5981, 296011
What are the prime factors of 58286878?
2, 13, 109, 131, 157
What are the prime factors of 52975217?
227, 233371
What are the prime factors of 158904813?
3, 127, 193, 2161
What are the prime factors of 80432177?
7, 1641473
What are the prime factors of 183988454?
2, 13, 23, 89, 3457
List the prime factors of 2038120567.
7, 291160081
List the prime factors of 363238663.
363238663
List the prime factors of 665499842.
2, 7, 47535703
List the prime factors of 182882275.
5, 1201, 6091
What are the prime factors of 2379493317?
3, 793164439
What are the prime factors of 6216944446?
2, 359, 8658697
List the prime factors of 205455022.
2, 491, 209221
List the prime factors of 52738152.
2, 3, 233, 9431
What are the prime factors of 2260986?
2, 3, 7, 13, 41, 101
What are the prime factors of 1355258898?
2, 3, 7, 401, 8941
List the prime factors of 128008016.
2, 19, 421079
What are the prime factors of 77797467?
3, 11, 197, 3989
List the prime factors of 324170332.
2, 113, 717191
What are the prime factors of 3529325459?
11, 23, 1268173
List the prime factors of 41416028.
2, 281, 36847
List the prime factors of 867155583.
3, 7, 41293123
What are the prime factors of 590186234?
2, 11, 89, 301423
What are the prime factors of 61724280?
2, 3, 5, 17, 79, 383
What are the prime factors of 1150052257?
1150052257
What are the prime factors of 44338024?
2, 709, 7817
What are the prime factors of 389486691?
3, 11, 1311403
What are the prime factors of 52463784?
2, 3, 29, 43, 1753
What are the prime factors of 264010090?
2, 5, 461, 57269
List the prime factors of 194487910.
2, 5, 37, 97, 5419
What are the prime factors of 81917185?
5, 7, 2340491
What are the prime factors of 2806767127?
37, 75858571
List the prime factors of 3180094106.
2, 7, 19, 443, 26987
List the prime factors of 15027381.
3, 359, 4651
What are the prime factors of 29729887?
11, 613, 4409
What are the prime factors of 170807671?
191, 894281
List the prime factors of 30211304.
2, 59, 64007
List the prime factors of 54326073.
3, 19, 83, 11483
What are the prime factors of 170334880?
2, 5, 1064593
What are the prime factors of 206789343?
3, 17, 23, 29, 6079
What are the prime factors of 109969746?
2, 3, 59, 241, 1289
What are the prime factors of 284245445?
5, 11, 1033, 5003
List the prime factors of 2268774498.
2, 3, 53, 7134511
What are the prime factors of 710827192?
2, 88853399
List the prime factors of 19900846.
2, 7, 17, 83617
List the prime factors of 786627403.
151, 5209453
What are the prime factors of 1645355993?
127, 691, 18749
What are the prime factors of 589502805?
3, 5, 1973, 19919
What are the prime factors of 2985853449?
3, 307, 3241969
List the prime factors of 2016911578.
2, 11, 59, 577, 2693
List the prime factors of 6609344515.
5, 23, 677, 3691
What are the prime factors of 269962245?
3, 5, 7, 41, 20903
What are the prime factors of 1650075578?
2, 825037789
What are the prime factors of 101975341?
13, 7844257
What are the prime factors of 1854027382?
2, 23269, 39839
List the prime factors of 305018120.
2, 5, 11, 693223
What are the prime factors of 809207524?
2, 202301881
List the prime factors of 7604248359.
3, 17, 149102909
List the prime factors of 157993053.
3, 17, 53, 58451
List the prime factors of 4136781084.
2, 3, 344731757
What are the prime factors of 284848795?
5, 7, 11, 277, 2671
What are the prime factors of 67517426?
2, 33758713
List the prime factors of 4131296366.
2, 41, 677, 74419
List the prime factors of 2456830476.
2, 3, 31, 53, 73, 569
List the prime factors of 294998579.
19, 15526241
What are the prime factors of 138943063?
7, 109, 182101
List the prime factors of 37956984.
2, 3, 13, 19, 337
What are the prime factors of 3535655209?
73, 443, 109331
List the prime factors of 769473236.
2, 7, 521, 52747
List the prime factors of 1126643435.
5, 89, 28447
What are the prime factors of 145127982?
2, 3, 24187997
What are the prime factors of 413880956?
2, 191, 271, 1999
What are the prime factors of 116903548?
2, 29225887
What are the prime factors of 206476017?
3, 11, 101, 61949
What are the prime factors of 292322328?
2, 3, 47, 259151
What are the prime factors of 12926578?
2, 7, 67, 13781
What are the prime factors of 480457326?
2, 3, 29, 1151, 2399
List the prime factors of 3400907826.
2, 3, 181, 331, 9461
What are the prime factors of 6919552474?
2, 3459776237
List the prime factors of 20040451.
43, 313, 1489
List the prime factors of 760881680.
2, 5, 13, 173, 4229
What are the prime factors of 50443543?
37, 36847
List the prime factors of 4924826217.
3, 23, 2069, 3833
What are the prime factors of 78355652?
2, 17, 83, 13883
What are the prime factors of 522059929?
41, 103, 181, 683
List the prime factors of 6989300.
2, 5, 37, 1889
What are the prime factors of 1444248492?
2, 3, 59, 2039899
What are the prime factors of 12799331?
19, 673649
What are the prime factors of 200502906?
2, 3, 113, 295727
List the prime factors of 225755743.
225755743
What are the prime factors of 515993823?
3, 37, 1549531
What are the prime factors of 115210396?
2, 7, 1193, 3449
List the prime factors of 1122851089.
317, 3542117
What are the prime factors of 747482330?
2, 5, 7, 43, 103, 2411
List the prime factors of 210864189.
3, 41, 293, 5851
What are the prime factors of 459658358?
2, 23, 1097, 9109
List the prime factors of 188053780.
2, 5, 9402689
List the prime factors of 6068694885.
3, 5, 11, 36779969
List the prime factors of 334304327.
7, 47757761
What are the prime factors of 1225458214?
2, 463, 1323389
List the prime factors of 259983778.
2, 129991889
List the prime factors of 34850993.
34850993
List the prime factors of 116537755.
5, 61, 181, 2111
List the prime factors of 1697170753.
1697170753
What are the prime factors of 1951530008?
2, 449, 543299
List the prime factors of 472538537.
13163, 35899
What are the prime factors of 1195312006?
2, 7, 85379429
What are the prime factors of 11307911?
11307911
List the prime factors of 13859087.
11, 23, 54779
List the prime factors of 51524767.
7, 7360681
List the prime factors of 1117627580.
2, 5, 55881379
What are the prime factors of 20324116?
2, 47, 108107
What are the prime factors of 1534617699?
3, 18899, 27067
List the prime factors of 457951847.
29, 1019, 15497
What are the prime factors of 821246397?
3, 173, 1582363
What are the prime factors of 291610073?
61, 157, 30449
What are the prime factors of 201508389?
3, 22389821
What are the prime factors of 955833290?
2, 5, 9697, 9857
What are the prime factors of 73188404?
2, 83, 220447
List the prime factors of 619153080.
2, 3, 5, 7, 13, 31, 